of (108 - 61) + (-1 - 30) - 119?
-103
20 + 24 - 21 - 11
12
What is the value of -152 + 199 - (-15 - (-2 + 7))?
67
What is the value of -27 - (12 + (-56 + 59 - (4 + -2)))?
-40
Evaluate (4 - -7) + 1693 + -1698.
6
-15 + 1 - -28 - (20 - 35)
29
Evaluate -62 + 35 - (8 - 2).
-33
What is (-8 - (29 + -3 - (-53 + 45))) + 11?
-31
Calculate 5 - ((0 - 2) + 15) - (-8 + (-20 - 16)).
36
What is the value of -66 + 34 + -1 + 22?
-11
What is -76 - ((-113 - -184) + -28)?
-119
Calculate -3 + 9 + -12 + (10 - (0 + -10)) + -67.
-53
Calculate -4 - (-81 - -1) - (-59 + 23 + 17).
95
What is 87 + -48 - (59 - 1)?
-19
Calculate 6 - (-94 + (32 - -16)).
52
Calculate 46 - -3 - 0 - -4 - (16 + -11).
48
What is 67 + 83 + (72 - 149)?
73
4 - -20 - (5 + (-13 + 2 - (1 + -14)))
17
Evaluate -83 - ((-2 - -4) + 4 + (5 - (3 + 14))).
-77
Calculate (936 - 930) + (-16 - (4 + -1)).
-13
What is (-95 - -194) + -49 + 1?
51
28 - (-9 - ((-69 - -60) + (0 - 17)))
11
Evaluate 17 - (24 - (-4 - -27)) - -1.
17
What is the value of -1 - (5 + (11 + (15 - 13) - 10) + -11)?
2
What is the value of -33 + -9 + 17 - (-17 + 3 + -1)?
-10
Evaluate -4 + -1 - (23 + -23) - (209 - 279).
65
Evaluate 24 + (2 - (-14 - -29)) + -14 - (-14 - 0).
11
What is the value of -75 - (2 - 4) - (43 + -38 - (-10 + 24))?
-64
What is -5 - (-26 + (24 + -13 - -1) - (-4 - 1))?
4
Evaluate (2 - -45 - (-5 + 10 - 11)) + -5.
48
Calculate 6 + 13 + -15 - (5 - -12).
-13
What is -37 - (-2 - (2 + -13 + -1 + 23))?
-24
Calculate 39 - (-37 - (-44 - (-38 + 16))).
54
38 + (177 - 164 - (-3 + 31)) + -110
-87
Calculate 8 - (20 + -5 + 1) - 15.
-23
Evaluate -1 + ((-12 - (-1 + 6)) + 6 - (0 - 31)).
19
(646 - 753) + (-31 - 1) - -41
-98
Evaluate -46 + 109 + -49 + 0.
14
(7 - 6 - -8 - 2) + -10 + 5
2
Calculate (-2 - (29 - 7)) + 21 + -9.
-12
What is 9 + -5 + (14 - 18) + -24?
-24
Evaluate -4 + 3 + -2 - (-118 - -122) - 17.
-24
Calculate 7 + 63 + (-81 - -29).
18
Evaluate 22 + (95 - (65 - 2)).
54
What is the value of -33 - (-4 - (129 + 11 + -45))?
66
Evaluate (-1 + -4 - -19) + 97 + (-44 - 37).
30
Calculate -244 + 222 + (5 + (-7 - 0) - 85).
-109
Evaluate (7 - (-2 - -16) - 3 - 10) + 13 + -30.
-37
(-7 - -7) + -12 + 2 + (3 - (6 - -83))
-96
What is the value of 13 + (-26 + 27 - (-1 + (-4 - 2)))?
21
Calculate 1339 - 1345 - (38 - 2).
-42
Calculate -1 + -5 + (6 - (9 - -4) - (36 + -7)).
-42
What is 10 + 1 - (-12 + -35 + 55)?
3
Calculate 45 - ((-259 - -252) + (8 - (2 + -2))).
44
What is the value of 361 + -363 - (-5 - (-2 + (0 - -4)))?
5
What is -986 + 1081 - (69 - 4)?
30
Calculate -50 - -34 - -70 - 26.
28
What is (-2 - 11) + 4 + 5 + -38?
-42
Calculate 98 + (-45 - -57 - 189).
-79
Evaluate 35 + (976 - 1011 - (-75 + 0)).
75
What is the value of (-8 - 0 - (0 - 1)) + (168 - (-71 + 247))?
-15
What is 876 + -923 + 0 + 17?
-30
Calculate (-220 + 103 - -167) + -103.
-53
Evaluate 81 + (15 + -45 - 2).
49
Evaluate -11 + -23 + 16 + 137.
119
What is 31 - ((30 - 75) + 49)?
27
Evaluate 58 - 10 - (27 - 2) - 22.
1
What is the value of (-4 - -1) + -59 + (114 - 72)?
-20
Evaluate 7 + (-5 - (4 - 8) - (17 + -17 - -12)).
-6
What is -52 + 102 - (-55 + 125)?
-20
-11 + (-4 - -5) + -7 - (0 - -14)
-31
Calculate -59 - 1 - ((121 - 151) + 14).
-44
Evaluate -41 + (-2 - (-23 + (-16 - -30))).
-34
What is the value of 27 - (-31 + 7 + 12) - -4?
43
(-79 - 29) + 103 - (-56 + 2 + -1)
50
What is the value of 24 - 15 - (-24 + -54 - -53)?
34
What is the value of (9 - (10 + -40) - 44) + (65 - 1)?
59
Calculate -1 + (-63 + 83 - (8 - 1)) + 17.
29
What is -41 + 13 + (-19 - (3 - 27))?
-23
Calculate -2 + (0 - 9) - (106 + -175 - -118).
-60
What is (-21 - (-3 + 23)) + 19 + 60?
38
What is 13 + -6 - (9 + 0 + -8 + 54 + -8)?
-40
What is 0 + 74 - (8293 - 8277)?
58
-29 + (-5 - (3 - 17)) - 29
-49
Calculate 211 - 59 - (83 + 37).
32
Evaluate 32 + -14 - (-2 + -12 + 17) - 66.
-51
97 + -186 + 104 - (-55 + (0 - (1 - -2)))
73
Calculate -4 - -2 - -16 - (109 - 93) - -25.
23
Evaluate 15 + -2 + 7 + -150 + 139.
9
Calculate -27 + 98 + 23 + -69.
25
What is 1 + (1 - 3) + 23 - (1582 + -1596)?
36
What is 19 + (-1 - (-3 - -7)) - (54 - (-44 - -25))?
-59
Calculate -59 + -14 + 3 + (-4 - (-35 - -8)).
-47
Calculate (-13 - -11) + -2 - (42 - 54).
8
Calculate (29 - 2 - (100 - 83)) + -16.
-6
Evaluate -10 - 3 - (0 + -1) - (-417 - -218 - -130).
57
(1 - (48 + 1)) + (274 - 182) + -109
-65
What is (-2 - 0) + 36 + -5 + -41 - 63?
-75
-27 + -3 + (17 - (-49 + 23))
13
What is -6 + 1 + (-678 - -657)?
-26
What is the value of -64 + (51 - 5) - 31?
-49
232 + -227 + (-31 - 18) + -1 + -6
-51
What is the value of 47 + (-88 - -9) + 37 - 42?
-37
What is 3 - -8 - 0 - (-7 - (24 + -18 - 0))?
24
What is (-799 - -848) + (3 + (9 - -1) - 1)?
61
Calculate ((272 - 301) + (1 - -14) - -2) + 70.
58
Calculate 235 - 52 - (5 - (-15 - 10)).
153
Evaluate 42 + (26 - 26) - 36 - (1 - 36).
41
1 - ((3 - 10) + -11 + 4) - 7 - 0
8
Evaluate -104 + 48 + -10 + 117.
51
What is the value of 47 + (62 - (121 + 81))?
-93
Evaluate (-60 - -68) + -59 + 104.
53
Evaluate -98 + (94 - 78) + 49.
-33
What is (-2 - 0) + 8 + 34 + 23 + -33 + -26?
4
What is (6 - 86) + 69 + -45?
-56
(10 - -18) + -35 - (-2 + -3 - 6)
4
What is -3 + 55 + (-4 - -13) + -6 + 8?
63
Evaluate -8 + (-10 + -7 - -12 - (-10 + 6)).
-9
What is (2 + 26 - 41) + -98 + 11?
-100
(23083 - 22939) + (1 - 77)
68
Calculate (-29 - (-28 + 40)) + 61.
20
30 - (34 + -14) - -40
50
Evaluate 141 + -7 + (8 - (2 - (-5 - -6))).
141
What is the value of -42 + (16 - ((-8 - -10) + 8) - 2)?
-38
What is -36 - 3 - (-80 + 91 + -50)?
0
What is (-9 + 0 - (-21 - (7 + 40))) + -5 + 12?
66
Evaluate 31 - -9 - 82 - 3 - 3.
-48
What is the value of 248 - (-53 - -196) - 94?
11
-1 + 20 + 21 - 21
19
Calculate -24 + 10 + 22 + -9 + 6.
5
(-2 - -6) + -57 - (4 - 5) - (-122 + 109)
-39
What is the value of 2 + (59 - -2) - (3359 + -3346)?
50
What is the value of (-111 - -161) + (1 - 10) + (-51 - -63)?
53
-205 - (-167 + -127 + 126)
-37
Evaluate -45 + (73 - (-19 + 100)).
-53
Calculate (49 - 60) + 20 + -68 + 0 + -2.
-61
Calculate 8 - (45 - (6 - (-3 + -9) - 13)).
-32
What is -1 + 2 + 2 - 1 - (81 + -25 - 112)?
58
What is the value of (70 - 7 - 3) + -19?
41
Evaluate (-66 - 5) + (-56 - -83 - 46).
-90
(-52 - (-31 - -38 - 34)) + 27
2
-1243 - -1243 - (-126 - (-3 - -1)) - -4
128
What is the value of 2 + -35 - (1782 - 1747) - 12?
-80
What is 75 - ((-84 - -13 - -65) + (1 - 19))?
99
Evaluate -36 - (-11 - (-4 - 12)).
-41
116 - (37 - (-240 + 41))
-120
What is 9 + -75 + -50 + 88?
-28
Calculate 32 - (-1 + 37) - 30 - -103.
69
Evaluate -147 + 159 - (17 - 2) - 15.
-18
Calculate -37 + (66 - 29) - (-1 - 18) - 109.
-90
-442 + 404 - (3 + -197 + 2)
154
What is (14 - (4 - (10 - 8))) + -87 - -14?
-61
What is the value of (1 - 1) + 0 + -148 + 91 + (11 - 28)?
-74
What is -21 - ((-49 - -62) + (4 - -92))?
-130
Calculate 0 - -74 - (163 - 46 - 90).
47
What is the value of (-23 - -77) + -18 + -1 + -3?
32
113 + -78 - (167 - 39)
-93
Evaluate -1 - ((-25 - -14 - -9) + -2 - (1 + -23)).
-19
-20 + (53 - (-1 - -25)) - 12
-3
What is the value of 0 + (-4 + 5 - 67) - (-17 + 32 - 18)?
-63
What is (2 + (-18 - (-5 + 3)) - -12) + (108 - 1)?
105
Calculate -10 - -15 - (-58 + 98 + (1 - -1)).
-37
12 + -24 + 9 + 15 - 22
-10
-11 + (-32 - (-15 - -5 - 10))
-23
-5 - (9 + (-10 - (0 - -16 - 18)))
-6
What is (126 - (393 + -238)) + (-1 - -3)?
-27
Calculate 2 + 18 + (46 + -20 - (1 - -20)).
25
Evaluate (42 - (28 + -44)) + (-32 - 1).
25
What is -56 + (3 - (31 - 60))?
-24
Evaluate (25 - (1 - 1)) + (-972 - -894).
-53
(12 - (-26 + 8)) + -77 + (0 - 6)
-53
8 - ((20 - 1) + (-463 - -449) + -1)
4
0 + -13 + 3 + 3 + -6 + -16 + 15
-14
What is -23 + -11 + (13 + -15 - (3 + -5)) + 6?
-28
What is the value of 421 + -429 + (-4 + 0 - -3) + -4?
-13
Calculate (17 - (14 - 27)) + -8 + 50.
72
Evaluate -20 - (-21 + -19) - -21 - 31.
10
-27 + 1 + (-315 - -402)
61
3 + 19 + -4 + -1 - (-41 - -39)
19
What is the value of 6 - 0 - (4 - 4) - (-386 + 125 - -163)?
104
What is the value of (4 - 82) + -4 + -93 + -74 + 181?
-68
What is the value of (1 - 32) + (8 - -5 - 9 - 14) + 10?
-31
Evaluate 130 + -90 + -162 - 17.
-139
-8 + (40 - 25) - 51 - (10 - (0 + 3))
-51
(-35 - (13 - 96)) + 18 + 0
66
(-46 + 74 - 35) + 8 + -104
-103
What is -5 + -14 + 0 + 2 + -20 + 1?
-36
-21 + (-1 - -5) + 122 + -233
-128
Evaluate 81 + (-15 - ((5 - 6) + -7 + -5)).
79
Calculate (2 + 5 - -9) + 67 + -148 - -11.
-54
What is the value 